{"id":2124,"date":"2018-07-01T11:01:57","date_gmt":"2018-07-01T09:01:57","guid":{"rendered":"http:\/\/www.inaconrad.de\/?page_id=2124"},"modified":"2021-08-23T22:37:36","modified_gmt":"2021-08-23T20:37:36","slug":"impressum","status":"publish","type":"page","link":"https:\/\/www.inaconrad.de\/stadtfuehrung-eisenach\/impressum\/","title":{"rendered":"Impressum"},"content":{"rendered":"<div class=\"wpb-content-wrapper\"><p>[vc_row][vc_column][vc_empty_space height=&#8220;13px&#8220;][vc_column_text]Anbieter dieser Internet-Seiten:<br \/>\n<a href=\"http:\/\/www.inaconrad.de\/\">www.inaconrad.de<\/a><br \/>\n<a href=\"http:\/\/www.cityguide-eisenach.de\">www.cityguide-eisenach.de<\/a><\/p>\n<p>Inhaber: Ina Conrad<\/p>\n<p>Zertifizierte G\u00e4stef\u00fchrerin (nach DIN EN 15565)<br \/>\nim Bundesverband der G\u00e4stef\u00fchrer in Deutschland e.V.<\/p>\n<p>Lindenstr.13<br \/>\n99834 Gerstungen<br \/>\nOT W.-Unkeroda<\/p>\n<p>Steuer Nr. 155\/163\/21838<br \/>\nGem\u00e4\u00df \u00a7 19 des UstG erfolgt Besteuerung als Kleinunternehmen, daher keine Ausweisung der Umsatzsteuer<\/p>\n<p>Hinweis nach \u00a7 2 Abs. 1 Nr. 11 DL-InfoV<\/p>\n<p>Im Rahmen meiner T\u00e4tigkeit als G\u00e4stef\u00fchrerin verf\u00fcge ich als Mitglied im BVGD \u00fcber eine Berufshaftpflichtversicherung<br \/>\nbei der Generali Versicherung AG in 81731 M\u00fcnchen &#8211; r\u00e4umlicher Geltungsbereich: weltweit<\/p>\n<p>Link zur Online-Streitbeilegung der EU: \u00a0<a href=\"https:\/\/webgate.ec.europa.eu\/odr\/\"><em>https:\/\/webgate.ec.europa.eu\/odr\/<\/em><\/a><\/p>\n<h4>Kontaktm\u00f6glichkeiten:<\/h4>\n<p>Tel: +49 (0)36925 90884<br \/>\nMobil : 01712341846<br \/>\nEmail: eisenach@inaconrad.de<\/p>\n<h4>Datenschutzhinweise<\/h4>\n<p>Lesen Sie hier die\u00a0Hinweise zum <a href=\"http:\/\/www.inaconrad.de\/datenschutz\/\">Datenschutz<\/a>\u00a0f\u00fcr diese Websiten.<\/p>\n<h4>Rechtliche Hinweise<\/h4>\n<p><strong>Keine Gew\u00e4hr f\u00fcr Inhalte:<br \/>\n<\/strong>Als Diensteanbieter sind wir gem\u00e4\u00df \u00a7 7 Abs.1 TMG f\u00fcr eigene Inhalte auf diesen Seiten nach den allgemeinen\u00a0Gesetzen verantwortlich.<br \/>\nNach \u00a7\u00a7 8 bis 10 TMG sind wir als Diensteanbieter jedoch nicht verpflichtet,\u00a0\u00fcbermittelte oder gespeicherte fremde Informationen zu \u00fcberwachen<br \/>\noder nach Umst\u00e4nden zu forschen, die auf\u00a0eine rechtswidrige T\u00e4tigkeit hinweisen.<br \/>\nDer Inhaber dieser Website ist um Richtigkeit und Aktualit\u00e4t der auf dieser Internetpr\u00e4senz bereitgestellten Informationen bem\u00fcht.<br \/>\nTrotzdem k\u00f6nnen Fehler und Unklarheiten nicht vollst\u00e4ndig ausgeschlossen werden. Es wird \u00a0deshalb keine Gew\u00e4hr f\u00fcr die Aktualit\u00e4t, Richtigkeit,<br \/>\nVollst\u00e4ndigkeit oder Qualit\u00e4t der bereitgestellten Informationen \u00fcbernommen. F\u00fcr Sch\u00e4den materieller oder immaterieller Art, die durch die<br \/>\nNutzung oder Nichtnutzung der dargebotenen Informationen bzw. durch die Nutzung fehlerhafter und unvollst\u00e4ndiger Informationen unmittelbar oder<br \/>\nmittelbar verursacht werden, haftet der Betreiber der Website nicht, sofern ihm nicht nachweislich vors\u00e4tzliches oder grob fahrl\u00e4ssiges Verschulden zur Last f\u00e4llt.<\/p>\n<p>&nbsp;<\/p>\n<p><strong>Keine Gew\u00e4hr f\u00fcr fremde Inhalte:<br \/>\n<\/strong>Die Verantwortlichkeit f\u00fcr \u201efremde Inhalte\u201c, die beispielsweise durch direkte oder indirekte Verkn\u00fcpfungen (z.B. sogenannte \u201eLinks\u201c) zu anderen Anbietern<br \/>\nbereitgehalten werden, setzt unter anderem positive Kenntnis des rechtswidrigen bzw. strafbaren Inhaltes voraus.<br \/>\nDas Unternehmen \u201eIna Conrad-Stadtf\u00fchrungen-Eisenach\u201c hat auf \u201efremde Inhalte\u201c keinerlei Einfluss und macht sich diese Inhalte auch nicht zu Eigen.<br \/>\nEs hat keine Kenntnis \u00fcber rechtswidrige oder anst\u00f6\u00dfige Inhalte auf den mit ihrer Internetpr\u00e4senz verkn\u00fcpften Seiten fremder Anbieter.<br \/>\nSollten auf den verkn\u00fcpften Seiten fremder Anbieter dennoch rechtswidrige oder anst\u00f6\u00dfige Inhalte enthalten sein, so distanziert sich<br \/>\nDas Unternehmen \u201eIna Conrad-Stadtf\u00fchrungen-Eisenach\u201c von diesen Inhalten ausdr\u00fccklich.<br \/>\nBei bekannt werden von Rechtsverletzungen werden wir derartige Links umgehend entfernen. Keine Abmahnung ohne vorherigen Kontakt!<br \/>\n<strong><br \/>\nUrheberrecht \/ Nutzung der Internet-Seiten:<\/strong><br \/>\nInhalt, Layout, Gestaltung der Internet-Seiten, die verwendeten Grafiken sowie die sonstigen Inhalte Internet-Seiten sind urheberrechtlich gesch\u00fctzt.<br \/>\nEine Vervielf\u00e4ltigung der Seiten oder ihrer Inhalte bedarf der vorherigen schriftlichen Zustimmung, soweit die Vervielf\u00e4ltigung nicht ohnehin gesetzlich gestattet ist.<br \/>\nSollten wir trotz aller Sorgfalt fremde Rechte Dritter oder gesetzliche Bestimmungen verletzen, so bitten wir um Mitteilung ohne Kostennote.<br \/>\nWir garantieren, dass die zu Recht beanstandeten Passagen unverz\u00fcglich entfernt werden, ohne dass von Ihrer Seite die Einschaltung eines Rechtsbeistandes erforderlich ist.<br \/>\nDennoch von Ihnen ohne vorherige Kontaktaufnahme ausgel\u00f6ste Kosten werden wir vollst\u00e4ndig zur\u00fcckweisen und gegeben falls Gegenklage wegen Verletzung vorgenannter Bestimmung einreichen.<\/p>\n<h4>Bildquellen-Nachweis:<\/h4>\n<p>Ina Conrad<br \/>\nMichael B\u00fcchner<br \/>\nHolger Fu\u00df \u2013 Startseite \u2013 vom Metilstein, Wartburg , Fotos in der Villa kleine Wartburg , Drachenschlucht<span style=\"font-family: Arial;\"><span style=\"font-size: 10.8pt; color: #3a321a;\"><br \/>\n<\/span><\/span>Anna-Lena Thamm &#8211; bbsMEDIEN Werbeagentur \u2013 in der Lutherstube<br \/>\nFranziska Conrad \u2013 Magd , Luise Reuter, versch.<br \/>\nLars Gebauer \u2013 Veranstaltung in der Reuter-Wagner Villa \u2013 Luise Reuter und Fritz Reuter<br \/>\nHelga Stange \u2013 Verein Eisenacher G\u00e4stef\u00fchrer , versch.<br \/>\nSabine Wagner \u2013 versch.<br \/>\nChistine Lieberknecht- Wartburg<br \/>\nGruppe von B. Teschner \u2013 Gert Habermann Gruppenaufnahmen, versch.<br \/>\nKG Baden , J\u00fcrg Hermann \u2013 Gruppenaufnahmen, versch.<br \/>\nChristiane W\u00fcrtemberger \u2013 Schmalkalden , Innenaufnahmen in der Wilhelmsburg<br \/>\nKG Bad Ems Frau Metzmacher &#8211; Gruppenaufnahmen<br \/>\nSibylle Klepzig \u2013 Foto an der Elle<br \/>\nSpetim Alaj \u2013 Werbeagentur Frank Bode -Villa Antik<br \/>\nStadtverwaltung Eisenach RWM<br \/>\nFotoservice J\u00fcrgen Triebel Jena \u2013 Automobile , versch.<br \/>\nBianka St\u00f6tzel ambiente eventfloristik<br \/>\nH.U. Niels \u2013 Gruppenfoto Wartburg<br \/>\nKlaus Peter Kaschke \u2013 Veranstaltung Reutervilla<br \/>\nVerwaltung Moorgrund- M\u00f6hra<br \/>\nSandra Blume \u2013 Drachenschlucht<br \/>\nHeinz Cadera \u2013 M\u00f6hra , Schmalkalden<br \/>\nFotostudio Hartmann -Lotz ,versch.<\/p>\n<p><strong>Spam und Werbung<\/strong><br \/>\nDer Nutzung von im Rahmen der Impressumspflicht ver\u00f6ffentlichten Kontaktdaten durch Dritte zur \u00dcbersendung von nicht<br \/>\nausdr\u00fccklich angeforderter Werbung und Informationsmaterialien wird hiermit ausdr\u00fccklich widersprochen.\u00a0Der Betreiber dieser Website<br \/>\nbeh\u00e4lt sich ausdr\u00fccklich rechtliche Schritte im Falle der unverlangten Zusendung von Werbeinformationen, etwa durch Spam-Mails, vor.<\/p>\n<h4>Anschrift \u2013 Kontakt<\/h4>\n<p>Ina Conrad &#8211; G\u00e4stef\u00fchrerin<\/p>\n<p>Lindenstr.13<br \/>\n99834 Gerstungen<br \/>\nOT W.-Unkeroda<\/p>\n<p>Tel: +49 (0)36925 90884<br \/>\nmobil : 01712341846<br \/>\nEmail: eisenach@inaconrad.de[\/vc_column_text][\/vc_column][\/vc_row][vc_row][vc_column][vc_empty_space height=&#8220;43px&#8220;][\/vc_column][\/vc_row]<\/p>\n<\/div>","protected":false},"excerpt":{"rendered":"<p>[vc_row][vc_column][vc_empty_space height=&#8220;13px&#8220;][vc_column_text]Anbieter dieser Internet-Seiten: www.inaconrad.de www.cityguide-eisenach.de Inhaber: Ina Conrad Zertifizierte G\u00e4stef\u00fchrerin (nach DIN EN 15565) im Bundesverband der G\u00e4stef\u00fchrer in &hellip; <\/p>\n","protected":false},"author":1,"featured_media":0,"parent":0,"menu_order":0,"comment_status":"closed","ping_status":"closed","template":"","meta":{"footnotes":""},"class_list":["post-2124","page","type-page","status-publish","hentry"],"yoast_head":"<!-- This site is optimized with the Yoast SEO plugin v27.1.1 - https:\/\/yoast.com\/product\/yoast-seo-wordpress\/ -->\n<title>Impressum - Stadtf\u00fchrerin Ina Conrad<\/title>\n<meta name=\"robots\" content=\"index, follow, max-snippet:-1, max-image-preview:large, max-video-preview:-1\" \/>\n<link rel=\"canonical\" href=\"https:\/\/www.inaconrad.de\/stadtfuehrung-eisenach\/impressum\/\" \/>\n<meta property=\"og:locale\" content=\"de_DE\" \/>\n<meta property=\"og:type\" content=\"article\" \/>\n<meta property=\"og:title\" content=\"Impressum - Stadtf\u00fchrerin Ina Conrad\" \/>\n<meta property=\"og:description\" content=\"[vc_row][vc_column][vc_empty_space height=&#8220;13px&#8220;][vc_column_text]Anbieter dieser Internet-Seiten: www.inaconrad.de www.cityguide-eisenach.de Inhaber: Ina Conrad Zertifizierte G\u00e4stef\u00fchrerin (nach DIN EN 15565) im Bundesverband der G\u00e4stef\u00fchrer in &hellip;\" \/>\n<meta property=\"og:url\" content=\"https:\/\/www.inaconrad.de\/stadtfuehrung-eisenach\/impressum\/\" \/>\n<meta property=\"og:site_name\" content=\"Stadtf\u00fchrerin Ina Conrad\" \/>\n<meta property=\"article:modified_time\" content=\"2021-08-23T20:37:36+00:00\" \/>\n<meta name=\"twitter:card\" content=\"summary_large_image\" \/>\n<meta name=\"twitter:label1\" content=\"Gesch\u00e4tzte Lesezeit\" \/>\n\t<meta name=\"twitter:data1\" content=\"4\u00a0Minuten\" \/>\n<script type=\"application\/ld+json\" class=\"yoast-schema-graph\">{\"@context\":\"https:\/\/schema.org\",\"@graph\":[{\"@type\":\"WebPage\",\"@id\":\"https:\/\/www.inaconrad.de\/stadtfuehrung-eisenach\/impressum\/\",\"url\":\"https:\/\/www.inaconrad.de\/stadtfuehrung-eisenach\/impressum\/\",\"name\":\"Impressum - Stadtf\u00fchrerin Ina Conrad\",\"isPartOf\":{\"@id\":\"https:\/\/www.inaconrad.de\/stadtfuehrung-eisenach\/#website\"},\"datePublished\":\"2018-07-01T09:01:57+00:00\",\"dateModified\":\"2021-08-23T20:37:36+00:00\",\"breadcrumb\":{\"@id\":\"https:\/\/www.inaconrad.de\/stadtfuehrung-eisenach\/impressum\/#breadcrumb\"},\"inLanguage\":\"de\",\"potentialAction\":[{\"@type\":\"ReadAction\",\"target\":[\"https:\/\/www.inaconrad.de\/stadtfuehrung-eisenach\/impressum\/\"]}]},{\"@type\":\"BreadcrumbList\",\"@id\":\"https:\/\/www.inaconrad.de\/stadtfuehrung-eisenach\/impressum\/#breadcrumb\",\"itemListElement\":[{\"@type\":\"ListItem\",\"position\":1,\"name\":\"Startseite\",\"item\":\"https:\/\/www.inaconrad.de\/stadtfuehrung-eisenach\/\"},{\"@type\":\"ListItem\",\"position\":2,\"name\":\"Impressum\"}]},{\"@type\":\"WebSite\",\"@id\":\"https:\/\/www.inaconrad.de\/stadtfuehrung-eisenach\/#website\",\"url\":\"https:\/\/www.inaconrad.de\/stadtfuehrung-eisenach\/\",\"name\":\"Stadtf\u00fchrerin Ina Conrad\",\"description\":\"\",\"potentialAction\":[{\"@type\":\"SearchAction\",\"target\":{\"@type\":\"EntryPoint\",\"urlTemplate\":\"https:\/\/www.inaconrad.de\/stadtfuehrung-eisenach\/?s={search_term_string}\"},\"query-input\":{\"@type\":\"PropertyValueSpecification\",\"valueRequired\":true,\"valueName\":\"search_term_string\"}}],\"inLanguage\":\"de\"}]}<\/script>\n<!-- \/ Yoast SEO plugin. -->","yoast_head_json":{"title":"Impressum - Stadtf\u00fchrerin Ina Conrad","robots":{"index":"index","follow":"follow","max-snippet":"max-snippet:-1","max-image-preview":"max-image-preview:large","max-video-preview":"max-video-preview:-1"},"canonical":"https:\/\/www.inaconrad.de\/stadtfuehrung-eisenach\/impressum\/","og_locale":"de_DE","og_type":"article","og_title":"Impressum - Stadtf\u00fchrerin Ina Conrad","og_description":"[vc_row][vc_column][vc_empty_space height=&#8220;13px&#8220;][vc_column_text]Anbieter dieser Internet-Seiten: www.inaconrad.de www.cityguide-eisenach.de Inhaber: Ina Conrad Zertifizierte G\u00e4stef\u00fchrerin (nach DIN EN 15565) im Bundesverband der G\u00e4stef\u00fchrer in &hellip;","og_url":"https:\/\/www.inaconrad.de\/stadtfuehrung-eisenach\/impressum\/","og_site_name":"Stadtf\u00fchrerin Ina Conrad","article_modified_time":"2021-08-23T20:37:36+00:00","twitter_card":"summary_large_image","twitter_misc":{"Gesch\u00e4tzte Lesezeit":"4\u00a0Minuten"},"schema":{"@context":"https:\/\/schema.org","@graph":[{"@type":"WebPage","@id":"https:\/\/www.inaconrad.de\/stadtfuehrung-eisenach\/impressum\/","url":"https:\/\/www.inaconrad.de\/stadtfuehrung-eisenach\/impressum\/","name":"Impressum - Stadtf\u00fchrerin Ina Conrad","isPartOf":{"@id":"https:\/\/www.inaconrad.de\/stadtfuehrung-eisenach\/#website"},"datePublished":"2018-07-01T09:01:57+00:00","dateModified":"2021-08-23T20:37:36+00:00","breadcrumb":{"@id":"https:\/\/www.inaconrad.de\/stadtfuehrung-eisenach\/impressum\/#breadcrumb"},"inLanguage":"de","potentialAction":[{"@type":"ReadAction","target":["https:\/\/www.inaconrad.de\/stadtfuehrung-eisenach\/impressum\/"]}]},{"@type":"BreadcrumbList","@id":"https:\/\/www.inaconrad.de\/stadtfuehrung-eisenach\/impressum\/#breadcrumb","itemListElement":[{"@type":"ListItem","position":1,"name":"Startseite","item":"https:\/\/www.inaconrad.de\/stadtfuehrung-eisenach\/"},{"@type":"ListItem","position":2,"name":"Impressum"}]},{"@type":"WebSite","@id":"https:\/\/www.inaconrad.de\/stadtfuehrung-eisenach\/#website","url":"https:\/\/www.inaconrad.de\/stadtfuehrung-eisenach\/","name":"Stadtf\u00fchrerin Ina Conrad","description":"","potentialAction":[{"@type":"SearchAction","target":{"@type":"EntryPoint","urlTemplate":"https:\/\/www.inaconrad.de\/stadtfuehrung-eisenach\/?s={search_term_string}"},"query-input":{"@type":"PropertyValueSpecification","valueRequired":true,"valueName":"search_term_string"}}],"inLanguage":"de"}]}},"_links":{"self":[{"href":"https:\/\/www.inaconrad.de\/stadtfuehrung-eisenach\/wp-json\/wp\/v2\/pages\/2124","targetHints":{"allow":["GET"]}}],"collection":[{"href":"https:\/\/www.inaconrad.de\/stadtfuehrung-eisenach\/wp-json\/wp\/v2\/pages"}],"about":[{"href":"https:\/\/www.inaconrad.de\/stadtfuehrung-eisenach\/wp-json\/wp\/v2\/types\/page"}],"author":[{"embeddable":true,"href":"https:\/\/www.inaconrad.de\/stadtfuehrung-eisenach\/wp-json\/wp\/v2\/users\/1"}],"replies":[{"embeddable":true,"href":"https:\/\/www.inaconrad.de\/stadtfuehrung-eisenach\/wp-json\/wp\/v2\/comments?post=2124"}],"version-history":[{"count":9,"href":"https:\/\/www.inaconrad.de\/stadtfuehrung-eisenach\/wp-json\/wp\/v2\/pages\/2124\/revisions"}],"predecessor-version":[{"id":2239,"href":"https:\/\/www.inaconrad.de\/stadtfuehrung-eisenach\/wp-json\/wp\/v2\/pages\/2124\/revisions\/2239"}],"wp:attachment":[{"href":"https:\/\/www.inaconrad.de\/stadtfuehrung-eisenach\/wp-json\/wp\/v2\/media?parent=2124"}],"curies":[{"name":"wp","href":"https:\/\/api.w.org\/{rel}","templated":true}]}}