{"id":1464,"date":"2018-03-12T09:11:28","date_gmt":"2018-03-12T08:11:28","guid":{"rendered":"http:\/\/www.inaconrad.de\/?page_id=1464"},"modified":"2025-05-16T10:34:07","modified_gmt":"2025-05-16T08:34:07","slug":"martin-luther-in-eisenach","status":"publish","type":"page","link":"https:\/\/www.inaconrad.de\/stadtfuehrung-eisenach\/martin-luther-in-eisenach\/","title":{"rendered":"Martin Luther in Eisenach"},"content":{"rendered":"<div class=\"wpb-content-wrapper\"><p>[vc_row][vc_column width=&#8220;2\/3&#8243;][mnky_heading title=&#8220;Martin Luther in Eisenach \u2013 hochinteressant und spannend&#8220; heading_tag=&#8220;h4&#8243; font_size=&#8220;22px&#8220; color=&#8220;#a3100b&#8220; line_color=&#8220;#dd9933&#8243;][vc_empty_space][vc_media_grid style=&#8220;lazy&#8220; item=&#8220;mediaGrid_ScaleInWithIcon&#8220; css=&#8220;.vc_custom_1525012967216{border-top-width: 1px !important;border-right-width: 1px !important;border-bottom-width: 1px !important;border-left-width: 1px !important;padding-top: 5px !important;padding-right: 5px !important;padding-bottom: 5px !important;padding-left: 5px !important;border-left-color: #e2b393 !important;border-left-style: solid !important;border-right-color: #e2b393 !important;border-right-style: solid !important;border-top-color: #e2b393 !important;border-top-style: solid !important;border-bottom-color: #e2b393 !important;border-bottom-style: solid !important;}&#8220; grid_id=&#8220;vc_gid:1735724416665-04d856c024380922b1bb5bf9067628b8-1&#8243; include=&#8220;1532,949,1533&#8243;][vc_empty_space][vc_column_text]<\/p>\n<p style=\"text-align: center;\">Wenn Martin Luther an Eisenach dachte, sprach er von \u201eseiner lieben Stadt\u201c.<br \/>\nZweimal weilte Luther f\u00fcr l\u00e4ngere Zeit hier in Eisenach \u2013<br \/>\nals Sch\u00fcler und als \u201eJunker J\u00f6rg\u201c auf der Wartburg.<br \/>\nViel Wissenswertes wird \u00fcber den gro\u00dfen Reformator vermittelt \u2013<br \/>\n\u2026aber auf gar keinen Fall \u201etrocken\u201c.<\/p>\n<h4 style=\"text-align: center;\">\u201eLutherfinder\u201c -Stadtf\u00fchrung<\/h4>\n<p>[\/vc_column_text][vc_column_text]<\/p>\n<p style=\"text-align: center;\">ca.\u00a01,5 &#8211; 2 \u00a0Std. \u2013 100,00 \u20ac\u00a0 \/ Gruppe bis ca. 30 Pers.<\/p>\n<p style=\"text-align: center;\">Bei h\u00f6herer Personenanzahl m\u00f6chte ich Ihnen aus Qualit\u00e4tsgr\u00fcnden empfehlen,<br \/>\ndass ich Ihnen einen weiteren Lutherfinder buche .<br \/>\nVerl\u00e4ngerungsstunde &#8211; 30,00 \u20ac\/ Std.[\/vc_column_text][vc_empty_space][vc_separator color=&#8220;custom&#8220; style=&#8220;shadow&#8220; accent_color=&#8220;#a3100b&#8220;][vc_empty_space][mnky_heading title=&#8220;Martin Luther in Eisenach und Wanderung hoch zur Wartburg \u00fcber den Luthererlebnispfad&#8220; heading_tag=&#8220;h4&#8243; font_size=&#8220;22px&#8220; color=&#8220;#a3100b&#8220; line_color=&#8220;#dd9933&#8243;][vc_empty_space][vc_column_text]<\/p>\n<p style=\"text-align: center;\">Hier werden Sie nach dem informativen Stadtrundgang , der an authentischen Luther-Orten vorbei f\u00fchrt , zur \u201ehoch oben thronenden\u201c Wartburg begleitet \u2013 \u00fcber den Luthererlebnispfad .<br \/>\nWir wandern zum Ort seiner fast einj\u00e4hrigen Scheingefangenschaft , zu dem Ort , der durch die \u00dcbersetzung des Neuen Testamentes durch Luther weltber\u00fchmt geworden ist.<br \/>\nBevor wir die Wartburg erreichen , machen wir am Elisabethplan halt und erfahren auch Interessantes aus dem Leben der Heiligen Elisabeth.<\/p>\n<p style=\"text-align: center;\">Hinweis: Es sind ca. 200 H\u00f6henmeter zu \u00fcberwinden, bitte auf entsprechendes Schuhwerk achten!<\/p>\n<p>[\/vc_column_text][vc_column_text]<\/p>\n<p style=\"text-align: center;\">ca. 3 &#8211; 3,5 Std. \u2013 150,00 \u20ac \/ Gruppe bis ca. 30 Pers.<\/p>\n<p style=\"text-align: center;\">Bei h\u00f6herer Personenanzahl m\u00f6chte ich Ihnen aus Qualit\u00e4tsgr\u00fcnden empfehlen, dass ich Ihnen eine weitere gut ausgebildete, charmante Stadtf\u00fchrerin \/ Stadtf\u00fchrer buche.<br \/>\nVerl\u00e4ngerungsstunde &#8211; 30,00 \u20ac \/ Std.[\/vc_column_text][vc_empty_space][vc_separator color=&#8220;custom&#8220; accent_color=&#8220;#a3100b&#8220;][vc_btn title=&#8220;Anfrage f\u00fcr eine F\u00fchrung.&#8220; style=&#8220;outline-custom&#8220; outline_custom_color=&#8220;#a3100b&#8220; outline_custom_hover_background=&#8220;#666666&#8243; outline_custom_hover_text=&#8220;#ffffff&#8220; shape=&#8220;round&#8220; size=&#8220;lg&#8220; align=&#8220;center&#8220; i_type=&#8220;entypo&#8220; i_icon_entypo=&#8220;entypo-icon entypo-icon-mail&#8220; add_icon=&#8220;true&#8220; link=&#8220;url:mailto%3Aeisenach%40inaconrad.de%3Fsubject%3DLuther%20in%20Eisenach|||&#8220;][vc_empty_space][\/vc_column][vc_column width=&#8220;1\/6&#8243;][\/vc_column][vc_column width=&#8220;1\/6&#8243;][vc_masonry_media_grid element_width=&#8220;12&#8243; css=&#8220;.vc_custom_1735724602492{border-top-width: 1px !important;border-right-width: 1px !important;border-bottom-width: 1px !important;border-left-width: 1px !important;padding-top: 10px !important;padding-right: 10px !important;padding-bottom: 10px !important;padding-left: 10px !important;border-left-style: solid !important;border-right-style: solid !important;border-top-style: solid !important;border-bottom-style: solid !important;border-color: #e2b393 !important;}&#8220; grid_id=&#8220;vc_gid:1735724416733-247d603f018f10830f973077d2467c10-3&#8243; include=&#8220;1848,1622,1659,2326,1661&#8243;][vc_empty_space][vc_column_text]<\/p>\n<h3 style=\"text-align: center;\"><span style=\"color: #000000;\">Besuchen Sie auch unsere Seite<\/span><br \/>\n<a href=\"http:\/\/www.inaconrad.de\/busfahrten\/\"><br \/>\nBusfahrten<\/a><\/h3>\n<h3 style=\"text-align: center;\"><a href=\"http:\/\/www.inaconrad.de\/busfahrten\/#m\u00f6hra\">Luther in M\u00f6hra<\/a><\/h3>\n<h3 style=\"text-align: center;\"><a href=\"http:\/\/www.inaconrad.de\/busfahrten\/#Schmalkalden\">Luther in Schmalkalden<\/a><\/h3>\n<p>[\/vc_column_text][\/vc_column][\/vc_row]<\/p>\n<\/div>","protected":false},"excerpt":{"rendered":"<p>[vc_row][vc_column width=&#8220;2\/3&#8243;][mnky_heading title=&#8220;Martin Luther in Eisenach \u2013 hochinteressant und spannend&#8220; heading_tag=&#8220;h4&#8243; font_size=&#8220;22px&#8220; color=&#8220;#a3100b&#8220; line_color=&#8220;#dd9933&#8243;][vc_empty_space][vc_media_grid style=&#8220;lazy&#8220; item=&#8220;mediaGrid_ScaleInWithIcon&#8220; css=&#8220;.vc_custom_1525012967216{border-top-width: 1px !important;border-right-width: 1px &hellip; <\/p>\n","protected":false},"author":1,"featured_media":0,"parent":0,"menu_order":0,"comment_status":"closed","ping_status":"closed","template":"","meta":{"footnotes":""},"class_list":["post-1464","page","type-page","status-publish","hentry"],"yoast_head":"<!-- This site is optimized with the Yoast SEO plugin v27.1.1 - https:\/\/yoast.com\/product\/yoast-seo-wordpress\/ -->\n<title>Martin Luther in Eisenach - Stadtf\u00fchrerin Ina Conrad<\/title>\n<meta name=\"robots\" content=\"index, follow, max-snippet:-1, max-image-preview:large, max-video-preview:-1\" \/>\n<link rel=\"canonical\" href=\"https:\/\/www.inaconrad.de\/stadtfuehrung-eisenach\/martin-luther-in-eisenach\/\" \/>\n<meta property=\"og:locale\" content=\"de_DE\" \/>\n<meta property=\"og:type\" content=\"article\" \/>\n<meta property=\"og:title\" content=\"Martin Luther in Eisenach - Stadtf\u00fchrerin Ina Conrad\" \/>\n<meta property=\"og:description\" content=\"[vc_row][vc_column width=&#8220;2\/3&#8243;][mnky_heading title=&#8220;Martin Luther in Eisenach \u2013 hochinteressant und spannend&#8220; heading_tag=&#8220;h4&#8243; font_size=&#8220;22px&#8220; color=&#8220;#a3100b&#8220; line_color=&#8220;#dd9933&#8243;][vc_empty_space][vc_media_grid style=&#8220;lazy&#8220; item=&#8220;mediaGrid_ScaleInWithIcon&#8220; css=&#8220;.vc_custom_1525012967216{border-top-width: 1px !important;border-right-width: 1px &hellip;\" \/>\n<meta property=\"og:url\" content=\"https:\/\/www.inaconrad.de\/stadtfuehrung-eisenach\/martin-luther-in-eisenach\/\" \/>\n<meta property=\"og:site_name\" content=\"Stadtf\u00fchrerin Ina Conrad\" \/>\n<meta property=\"article:modified_time\" content=\"2025-05-16T08:34:07+00:00\" \/>\n<meta name=\"twitter:card\" content=\"summary_large_image\" \/>\n<meta name=\"twitter:label1\" content=\"Gesch\u00e4tzte Lesezeit\" \/>\n\t<meta name=\"twitter:data1\" content=\"3\u00a0Minuten\" \/>\n<script type=\"application\/ld+json\" class=\"yoast-schema-graph\">{\"@context\":\"https:\/\/schema.org\",\"@graph\":[{\"@type\":\"WebPage\",\"@id\":\"https:\/\/www.inaconrad.de\/stadtfuehrung-eisenach\/martin-luther-in-eisenach\/\",\"url\":\"https:\/\/www.inaconrad.de\/stadtfuehrung-eisenach\/martin-luther-in-eisenach\/\",\"name\":\"Martin Luther in Eisenach - Stadtf\u00fchrerin Ina Conrad\",\"isPartOf\":{\"@id\":\"https:\/\/www.inaconrad.de\/stadtfuehrung-eisenach\/#website\"},\"datePublished\":\"2018-03-12T08:11:28+00:00\",\"dateModified\":\"2025-05-16T08:34:07+00:00\",\"breadcrumb\":{\"@id\":\"https:\/\/www.inaconrad.de\/stadtfuehrung-eisenach\/martin-luther-in-eisenach\/#breadcrumb\"},\"inLanguage\":\"de\",\"potentialAction\":[{\"@type\":\"ReadAction\",\"target\":[\"https:\/\/www.inaconrad.de\/stadtfuehrung-eisenach\/martin-luther-in-eisenach\/\"]}]},{\"@type\":\"BreadcrumbList\",\"@id\":\"https:\/\/www.inaconrad.de\/stadtfuehrung-eisenach\/martin-luther-in-eisenach\/#breadcrumb\",\"itemListElement\":[{\"@type\":\"ListItem\",\"position\":1,\"name\":\"Startseite\",\"item\":\"https:\/\/www.inaconrad.de\/stadtfuehrung-eisenach\/\"},{\"@type\":\"ListItem\",\"position\":2,\"name\":\"Martin Luther in Eisenach\"}]},{\"@type\":\"WebSite\",\"@id\":\"https:\/\/www.inaconrad.de\/stadtfuehrung-eisenach\/#website\",\"url\":\"https:\/\/www.inaconrad.de\/stadtfuehrung-eisenach\/\",\"name\":\"Stadtf\u00fchrerin Ina Conrad\",\"description\":\"\",\"potentialAction\":[{\"@type\":\"SearchAction\",\"target\":{\"@type\":\"EntryPoint\",\"urlTemplate\":\"https:\/\/www.inaconrad.de\/stadtfuehrung-eisenach\/?s={search_term_string}\"},\"query-input\":{\"@type\":\"PropertyValueSpecification\",\"valueRequired\":true,\"valueName\":\"search_term_string\"}}],\"inLanguage\":\"de\"}]}<\/script>\n<!-- \/ Yoast SEO plugin. -->","yoast_head_json":{"title":"Martin Luther in Eisenach - Stadtf\u00fchrerin Ina Conrad","robots":{"index":"index","follow":"follow","max-snippet":"max-snippet:-1","max-image-preview":"max-image-preview:large","max-video-preview":"max-video-preview:-1"},"canonical":"https:\/\/www.inaconrad.de\/stadtfuehrung-eisenach\/martin-luther-in-eisenach\/","og_locale":"de_DE","og_type":"article","og_title":"Martin Luther in Eisenach - Stadtf\u00fchrerin Ina Conrad","og_description":"[vc_row][vc_column width=&#8220;2\/3&#8243;][mnky_heading title=&#8220;Martin Luther in Eisenach \u2013 hochinteressant und spannend&#8220; heading_tag=&#8220;h4&#8243; font_size=&#8220;22px&#8220; color=&#8220;#a3100b&#8220; line_color=&#8220;#dd9933&#8243;][vc_empty_space][vc_media_grid style=&#8220;lazy&#8220; item=&#8220;mediaGrid_ScaleInWithIcon&#8220; css=&#8220;.vc_custom_1525012967216{border-top-width: 1px !important;border-right-width: 1px &hellip;","og_url":"https:\/\/www.inaconrad.de\/stadtfuehrung-eisenach\/martin-luther-in-eisenach\/","og_site_name":"Stadtf\u00fchrerin Ina Conrad","article_modified_time":"2025-05-16T08:34:07+00:00","twitter_card":"summary_large_image","twitter_misc":{"Gesch\u00e4tzte Lesezeit":"3\u00a0Minuten"},"schema":{"@context":"https:\/\/schema.org","@graph":[{"@type":"WebPage","@id":"https:\/\/www.inaconrad.de\/stadtfuehrung-eisenach\/martin-luther-in-eisenach\/","url":"https:\/\/www.inaconrad.de\/stadtfuehrung-eisenach\/martin-luther-in-eisenach\/","name":"Martin Luther in Eisenach - Stadtf\u00fchrerin Ina Conrad","isPartOf":{"@id":"https:\/\/www.inaconrad.de\/stadtfuehrung-eisenach\/#website"},"datePublished":"2018-03-12T08:11:28+00:00","dateModified":"2025-05-16T08:34:07+00:00","breadcrumb":{"@id":"https:\/\/www.inaconrad.de\/stadtfuehrung-eisenach\/martin-luther-in-eisenach\/#breadcrumb"},"inLanguage":"de","potentialAction":[{"@type":"ReadAction","target":["https:\/\/www.inaconrad.de\/stadtfuehrung-eisenach\/martin-luther-in-eisenach\/"]}]},{"@type":"BreadcrumbList","@id":"https:\/\/www.inaconrad.de\/stadtfuehrung-eisenach\/martin-luther-in-eisenach\/#breadcrumb","itemListElement":[{"@type":"ListItem","position":1,"name":"Startseite","item":"https:\/\/www.inaconrad.de\/stadtfuehrung-eisenach\/"},{"@type":"ListItem","position":2,"name":"Martin Luther in Eisenach"}]},{"@type":"WebSite","@id":"https:\/\/www.inaconrad.de\/stadtfuehrung-eisenach\/#website","url":"https:\/\/www.inaconrad.de\/stadtfuehrung-eisenach\/","name":"Stadtf\u00fchrerin Ina Conrad","description":"","potentialAction":[{"@type":"SearchAction","target":{"@type":"EntryPoint","urlTemplate":"https:\/\/www.inaconrad.de\/stadtfuehrung-eisenach\/?s={search_term_string}"},"query-input":{"@type":"PropertyValueSpecification","valueRequired":true,"valueName":"search_term_string"}}],"inLanguage":"de"}]}},"_links":{"self":[{"href":"https:\/\/www.inaconrad.de\/stadtfuehrung-eisenach\/wp-json\/wp\/v2\/pages\/1464","targetHints":{"allow":["GET"]}}],"collection":[{"href":"https:\/\/www.inaconrad.de\/stadtfuehrung-eisenach\/wp-json\/wp\/v2\/pages"}],"about":[{"href":"https:\/\/www.inaconrad.de\/stadtfuehrung-eisenach\/wp-json\/wp\/v2\/types\/page"}],"author":[{"embeddable":true,"href":"https:\/\/www.inaconrad.de\/stadtfuehrung-eisenach\/wp-json\/wp\/v2\/users\/1"}],"replies":[{"embeddable":true,"href":"https:\/\/www.inaconrad.de\/stadtfuehrung-eisenach\/wp-json\/wp\/v2\/comments?post=1464"}],"version-history":[{"count":31,"href":"https:\/\/www.inaconrad.de\/stadtfuehrung-eisenach\/wp-json\/wp\/v2\/pages\/1464\/revisions"}],"predecessor-version":[{"id":2394,"href":"https:\/\/www.inaconrad.de\/stadtfuehrung-eisenach\/wp-json\/wp\/v2\/pages\/1464\/revisions\/2394"}],"wp:attachment":[{"href":"https:\/\/www.inaconrad.de\/stadtfuehrung-eisenach\/wp-json\/wp\/v2\/media?parent=1464"}],"curies":[{"name":"wp","href":"https:\/\/api.w.org\/{rel}","templated":true}]}}